 43 + (-12)/3 - 3. Let w be 6/(108/(-714))*(0 - k). Let v = w - 1001. Is v composite?
True
Is 8879 - ((-45)/25)/((-12)/(-40)) composite?
True
Let o(q) = -16 + 116*q + 12 + 27. Suppose 4*t = -14 + 50. Is o(t) a prime number?
False
Let k = 178 - -5445. Is k prime?
True
Let k = -517361 - -839530. Is k composite?
False
Let g = -2483 - -2528. Suppose 348 + 90 = 3*n. Let d = g + n. Is d prime?
True
Let h(u) = 105*u - 23. Let p(x) = -x. Let s(b) = -h(b) + 3*p(b). Is s(-7) composite?
True
Let s(z) = -61*z + 13. Suppose 60 = 5*p - 0*p. Suppose 5*t - 8*t = p. Is s(t) a prime number?
True
Let i be (-4417)/6 - (-10)/60. Let w = -3823 + 2560. Let h = i - w. Is h a prime number?
False
Let a(s) = 12462*s**3 + 10*s**2 - 67*s + 71. Is a(4) a prime number?
False
Let f = 45 + -44. Suppose 11*p - 23 = -f. Suppose -a - 2*c + 292 = 0, 2*a = p*c + 252 + 350. Is a prime?
False
Let r be 280/3*(-30)/40*-9753. Is r/75*15/6 prime?
False
Let z(n) = -5*n**2 + 31*n - 1. Let d be z(6). Suppose 42511 = 12*p - d*p. Is p prime?
True
Let p = -432 - -439. Let v(q) = 26*q**3 - 8*q**2 - 17*q + 12. Is v(p) composite?
False
Let i(f) = -4226*f - 9. Is i(-5) a composite number?
False
Let a(n) = 72*n**3 - 2*n**2 + 2*n - 1. Let f be 8/28 + 114/42. Let y be -5 + 10 - f/1. Is a(y) composite?
False
Let q be -4 - -1 - 12/(-2). Suppose -15600 = -2*k - 0*k - u, q*k + u - 23401 = 0. Is k a prime number?
False
Let k = -72477 - -521756. Is k a prime number?
False
Let t = -2321 + 2257. Let n(c) = 111*c**2. Let u be n(-1). Let o = t + u. Is o prime?
True
Is 14962 + (9 - 204/12) a prime number?
False
Suppose 10*q = -5*q + 75. Suppose -q*b = 3*p - 145624, -3*b - 2*b + 145612 = -p. Is b composite?
False
Is ((-43813)/(-22))/(77/(-14) - -6) composite?
True
Let j = 343336 - 193041. Is j a prime number?
False
Suppose -9*o - 25651 = 5*r - 7*o, 2*r + 2*o + 10264 = 0. Suppose 0 = -4*a + a + 23394. Let y = r + a. Is y prime?
False
Let m be -3 - -3*21/9. Suppose -5*r - 20 = 0, -m*o - 9*r + 8252 = -10*r. Is o a composite number?
True
Suppose 2*b = -3*f + 3, -3*b + 5*f = 6*f - 1. Suppose 4*a - 5*q - 6880 = b, -q - 9174 = -5*a - 595. Is (3 - a/(-21))/(4/6) a composite number?
False
Let y be (7 + 1)/((-5)/(-30)*6). Suppose -5*c - y = -8. Suppose 11*z - 1492 - 3997 = c. Is z a prime number?
True
Is ((-2)/(-7))/((-24)/(-28)) - 175972/(-6) a composite number?
True
Is (-5 + (-247)/(-57))/((-2)/152121) a prime number?
True
Let w be (-1)/((2/(-6))/(425/75)). Suppose 2*h + 18*o = w*o + 15959, 0 = -5*o - 15. Is h a prime number?
False
Let j be 444796/132*3*-1. Is 2/1*j/(-11) prime?
False
Let i(v) = -7785*v + 34. Is i(-1) prime?
False
Let r(k) be the first derivative of 41*k**3/3 - 2*k**2 - 11*k - 144. Is r(6) a composite number?
True
Let m = 47 + -67. Suppose a + 1542 + 90 = -2*o, 6*o - 6556 = 4*a. Is 5*(a/m + 0) a composite number?
False
Suppose -20 = 5*l, 3*c - 4*l = 22 + 12. Let u be -7*c/(-21) + 486 + -1. Is u + 6/((-6)/2) prime?
False
Let r = 45 + -44. Let f be r*-545*(-3)/((-75)/(-520)). Let a = -5745 + f. Is a a prime number?
True
Suppose -g + 5*c + 95636 = 0, -4*g - 4*c + 238281 + 144335 = 0. Is g a prime number?
True
Let p(u) = 44*u**3 + 14*u**2 - 16*u - 2. Let b be p(8). Let j = b - 4261. Is j a composite number?
True
Suppose 48*z - 52*z = 4*h - 7352, z - 7349 = -4*h. Is h composite?
True
Is (54/(-63))/((-16)/7840504) composite?
True
Suppose 85*c + 0*c = 8*c + 5409943. Is c prime?
False
Let f = 1045 - -23518. Let n = 43462 - f. Is n a composite number?
False
Suppose n + 12898 = -3*u, 2*u + 2*n + 4372 = -4220. Let l = u + 11856. Is l composite?
True
Let w = 6221 + -1518. Suppose -w = -11*u + 6330. Is u composite?
True
Let n(y) = y**2 + y - 1. Let d(z) = -5*z**2 - 75*z - 79. Let t(i) = d(i) + 4*n(i). Is t(-40) prime?
False
Suppose 20*b = 613 - 1773. Let z = b - -2889. Is z prime?
False
Let c = -480 - -621. Let g be 3 - (3 + -1)*-1. Suppose 0 = -a + g*b + c, 5*a - 5*b - 485 - 180 = 0. Is a a composite number?
False
Let j(t) = -13994*t + 36. Let o be j(-2). Suppose 4*l - o = -2*g - 2*g, -l + 4*g = -6991. Is l a composite number?
True
Suppose 0 + 6 = -o. Let a be (48/(-30))/(o/15). Is 2077/a + (-3 - (-33)/12) composite?
True
Let r = 50356 + -16233. Is r a prime number?
True
Is (-16*3/(-96))/((-1)/(-274546)) composite?
False
Suppose 5 = 4*v - 5*o, -4*v + 14 = -o - 3. Suppose v*d - 5144 = -849. Is d composite?
False
Let l = 2 + -6. Let g be 2/l*-8 + 0. Is 143 + 3 + (-3 + -1)/g a prime number?
False
Let p(k) = 378*k**2 - 89 + 17*k + 12 - 78*k**2. Is p(4) a composite number?
True
Let r(o) = 2*o**3 + o + 8 + 2*o**2 - 6 + 3 - 7*o**2. Let d be r(4). Is 31730/d - (1 - (-8)/(-6)) prime?
True
Let o be 67*(-3 + 0)/3. Let r = -43 - o. Is (-8)/r + (-5014)/(-3) composite?
True
Let n(i) = 61227*i - 1315. Is n(2) a prime number?
True
Let r(k) = 2 + 6 + 5 + 72*k**2 + 32*k**2 + 5*k. Let x be r(7). Suppose x = 5*t - 5361. Is t prime?
False
Let s(h) be the third derivative of -1/12*h**5 - 3/2*h**3 - 1/6*h**4 + 0*h + 0 - 1/24*h**6 + 18*h**2. Is s(-5) a composite number?
True
Suppose -531*f - p - 2041474 = -534*f, 2*p = -14. Is f composite?
False
Suppose 38*g + 41258 = 52*g. Is g a prime number?
False
Suppose 3046 + 11885 = 3*a. Is 32/(-16) + -1*a/(-3) a composite number?
False
Let k = -4907 + 24371. Suppose 0 = -2*c - u + k + 14247, c - 2*u - 16853 = 0. Is c prime?
False
Let o be (-5)/((-45)/2)*(1 - -8). Let f(i) = 4 + 7*i**2 + 0*i**2 - 3*i**3 + 5*i**3 - o*i - 4*i. Is f(7) prime?
True
Let q be 204/(-9)*((-3)/2 - 0). Let t = 31 - q. Let r(k) = -k**3 + 3*k**2 + 3. Is r(t) prime?
False
Let m(v) = -v**3 + 6*v**2 + 3*v - 14. Let f be m(6). Suppose -3*i = y - 3958, 3*y + f*i + 7866 = 5*y. Is y prime?
True
Let a(v) = 26*v + 30 - 38*v + 169*v. Let r(h) = -1. Let f(y) = a(y) - 3*r(y). Is f(16) a composite number?
True
Let y = -40331 - -152829. Is y composite?
True
Suppose p - 35 = 5*g, 2*p + 4*g - 8 = 48. Suppose p*b = -219700 + 547090. Is b a prime number?
False
Suppose -32*g + 96*g + 17335019 - 50618923 = 0. Is g prime?
False
Let t(m) = 5962*m**2 - 61*m - 50. Is t(7) a composite number?
False
Suppose 0 = -3*q + 9, 4*q + 7510 = i - 3591. Is i a prime number?
True
Let s be ((-4)/8 + -1)/((-15)/820). Let t = s + -86. Is 2 - ((-10380)/t)/(-5) a prime number?
True
Let l = -628 + 781. Let p = 890 - l. Is p prime?
False
Let l = 43 + -43. Suppose -4*p = -3*t - 81, l*p - 5*t = -p + 16. Is (-5018)/(-3) + 7/p prime?
False
Suppose 13*i + 10*i - 3899536 = 7*i. Is i composite?
True
Let y = -67266 - -318025. Is y a prime number?
False
Let g(d) = -d**3 - 110*d**2 - 7*d + 487. Is g(-135) composite?
False
Let l be (-2)/4 - (-656)/32. Let a(s) = 4*s - 13 - l*s - 50*s. Is a(-4) composite?
False
Let u = -142 + 144. Suppose i - 5*p - 17 = -2*p, -2*i = -4*p - 24. Suppose -i*y - 426 = -u*b - y, -880 = -4*b - 5*y. Is b prime?
False
Let s be ((-36)/3)/(-3) + 0 + 0. Suppose -p - m = 15, s*p + 2*m + 60 = -0*p. Is (16 + p)/((-1)/(-2099)) a prime number?
True
Let s(w) = 35*w**2 - 27*w - 13. Suppose -1 = x - 3*b, b = -2*x + 4*x - 23. Is s(x) a prime number?
True
Let x be 0 + -1 - -282*(7 + -3). Suppose 1678 = x*j - 1125*j. Is j prime?
True
Let t(z) = -2*z**3 + 15*z**2 - 14*z + 23. Let f be t(12). Let o = -354 - f. Is o a prime number?
True
Let x = -311 - -559. Let u = 1277 + x. Suppose 22*s - 17*s = u. Is s a composite number?
True
Suppose 65163 = 5*i + l, -65157 = 31*i - 36*i - 4*l. Is i composite?
False
Let b = 554 - 473. Suppose 70*w + 130757 = b*w. Is w a prime number?
True
Let u(m) = -m**3 - 25*m**2 - 4*m - 18. Let p be u(-25). Let f = -77 + p. Suppose -3*d - f*r = -7991, 16 = 5*r - r. Is d prime?
True
Let f(a) = -725*a - 95. Let v be f(-10). Let j = v - 3460. Is j composite?
True
Let b be (-3)/((-18)/(-2)) + 31/3. Suppose 0 = b*g + 4*g. Suppose -5*j + 7912 = 3*z, -2*j + g*j + 3170 = -4*z. Is j prime?
True
Suppose -56*y = -421*y + 164375195. Is y a composite number?
False
Let r = -4 + -48. Let l = r - -693. Is l composite?
False
Let l = 87610 + -48521. Is l composite?
False
Suppose -3*t - 18 = -6*t. Suppose g + 1225 = t*g. Suppose 3*y - 313 = -x, x = y + g + 60. Is x a prime number?
True
Is (15894987/(-18))/29*-6 a prime number?
True
Suppose -4*f = g - 4640, -1182 = -5*g - 5*f + 21988. Suppose 4627 = a + 2*t, -t + g = 3*a - 2*a. Is a prime?
True
Let h = -43 + 49. S